q**2 + 9*q - 9. Calculate d(-12).
27
Let w(b) = b - 9. What is w(10)?
1
Let r(o) = 15*o + 45. What is r(-3)?
0
Let s(c) = 4*c**2 + 88*c - 7. What is s(-22)?
-7
Let u(c) = c**3 + 30*c**2 + c + 36. What is u(-30)?
6
Let x(f) = 14*f - 98. Calculate x(8).
14
Let m(h) = 20*h - 9. Determine m(4).
71
Let x(z) = -z**3 + 9*z**2 - z + 13. Calculate x(9).
4
Let d(m) = -m**2 + 7*m - 13. Calculate d(6).
-7
Let c(g) = g**3 + 8*g**2 + 14*g + 15. Determine c(-6).
3
Let v(l) = l**2 + 10*l + 2. What is v(-9)?
-7
Let z(x) = -24*x - 16. Determine z(-1).
8
Let t(l) = 2*l**2 - 65*l + 40. What is t(32)?
8
Let o(d) = -5*d + 116. Determine o(13).
51
Let u(j) = 19*j - 16. Determine u(5).
79
Let o(y) = 7*y - 45. Determine o(6).
-3
Let u(j) = j**2 - 12*j + 5. What is u(9)?
-22
Let k(v) = -v**3 - 3*v**2 + 7*v + 9. Give k(-4).
-3
Let h(z) = -z - 1. What is h(-5)?
4
Let p(k) = 5*k + 14. Determine p(-11).
-41
Let r(f) = -f**3 - 9*f**2 - 11*f - 21. Determine r(-7).
-42
Let u(r) = 20*r + 200. Calculate u(-10).
0
Let q(u) = -u**3 - 5*u**2 - 3*u - 6. Determine q(-4).
-10
Let p(w) = w**2 - 19*w + 33. What is p(17)?
-1
Let y(u) = 17*u + 78. What is y(-5)?
-7
Let w(t) = -t**2 - 4*t + 1. Give w(-6).
-11
Let b(o) = 8*o - 2. What is b(4)?
30
Let v(b) = -9*b - 11. Calculate v(5).
-56
Let g(k) = -k**3 - 4*k**2 + 6*k. What is g(-5)?
-5
Let c(j) = j - 2. Give c(-2).
-4
Let v(c) = c**3 + 33*c**2 - 73*c - 138. Determine v(-35).
-33
Let n(k) = -2*k - 9. Give n(-5).
1
Let f(t) = t**2 - 13*t - 177. Calculate f(-8).
-9
Let n(v) = -v**3 + v**2 - 5*v - 3. Give n(-2).
19
Let n(z) = -2*z**3 + 14*z**2 - 15*z + 14. What is n(6)?
-4
Let u(n) = 4*n + 20. Give u(-13).
-32
Let m(t) = -t**2 + 13*t + 4. What is m(13)?
4
Let f(n) = -3*n + 17. Give f(8).
-7
Let s(b) = b**2 + 26*b - 226. What is s(7)?
5
Let y(l) = l**2 + 12*l - 6. Give y(-14).
22
Let k(d) = -d**2 + 14*d + 19. Determine k(16).
-13
Let v(r) = r**3 - 7*r**2 - 8*r - 29. Determine v(7).
-85
Let a(p) = -3*p + 25. Give a(19).
-32
Let d(n) = n**2 - 3*n - 2. Determine d(3).
-2
Let o(j) = 5*j**3 + 24*j**2 + 19*j + 10. Give o(-4).
-2
Let m(v) = -2*v**2 + 5*v - 24. Give m(-7).
-157
Let i(k) = 4*k**2 + k - 3. Give i(-3).
30
Let f(n) = -n**3 - 7*n**2 - 3*n - 2. What is f(-5)?
-37
Let a(d) = 8*d - 55. Give a(7).
1
Let i(h) = -h + 17. Give i(8).
9
Let u(l) = -3*l**2 + 39*l - 61. What is u(11)?
5
Let r(i) = 4*i**2 - 7*i + 6. Determine r(2).
8
Let g(k) = -11*k**2 - 3*k + 6. Determine g(2).
-44
Let c(z) = -z + 7. Give c(8).
-1
Let y(d) = 2*d**2 - 3*d + 4. Determine y(2).
6
Let r(f) = f**3 + f**2 + 2*f + 8. What is r(0)?
8
Let b(h) = 2*h**3 - 15*h**2 + 9*h - 7. Determine b(6).
-61
Let k(y) = y**3 - 6*y**2 - 6*y - 6. What is k(7)?
1
Let i(g) = -2*g**3 + g**2 - 2*g - 1. Calculate i(2).
-17
Let l(d) = -3*d**2 + 8*d - 2. Calculate l(3).
-5
Let n(l) = -l**3 - 8*l**2 + 9*l + 7. Give n(-9).
7
Let s(o) = -o**3 + 7*o**2 - 9*o + 8. Calculate s(6).
-10
Let o(v) = v**3 - 9*v**2 + 4*v + 14. Give o(8).
-18
Let x(h) = h + 5. Calculate x(3).
8
Let t(s) = -32*s**2 - 3*s + 1. Calculate t(1).
-34
Let y(v) = v**3 + 7*v**2 + 3*v + 11. Determine y(-7).
-10
Let o(l) = -3*l + 93. What is o(27)?
12
Let x(i) = -i**3 + 4*i - 3. Give x(2).
-3
Let r(l) = -14*l**2 + 67*l + 7. Determine r(5).
-8
Let p(v) = -4*v - 6. What is p(-8)?
26
Let w(j) = -2*j - 35. Determine w(0).
-35
Let s(x) = 51*x**2 + 1. Calculate s(1).
52
Let k(t) = -t**2 - 66*t - 459. Give k(-8).
5
Let c(p) = 5*p - 23. Calculate c(7).
12
Let a(u) = u**3 - 5*u**2 - 13*u - 10. What is a(7)?
-3
Let i(x) = x**3 + 14*x**2 + 12*x + 4. Give i(-13).
17
Let k(i) = -31*i + 4. What is k(-1)?
35
Let z(a) = -a**3 + 5*a**2 - 2*a. What is z(2)?
8
Let s(w) = -w**2 + 8*w + 12. Give s(9).
3
Let k(t) = t**2 + 10*t + 21. Determine k(-9).
12
Let q(p) = 3*p + 9. What is q(-7)?
-12
Let x(t) = -t**3 + 18*t**2 + 2. Determine x(18).
2
Let j(x) = 2*x - 6. Give j(2).
-2
Let d(y) = -97*y**3 - 3*y + 2. Determine d(1).
-98
Let q(i) = -3*i**2 + 2*i + 74. Determine q(0).
74
Let t(i) = i**2 - 15*i + 27. Calculate t(13).
1
Let n(y) = y**3 - 13*y**2 + 13*y - 12. Calculate n(12).
0
Let b(d) = d**2 + 6*d + 4. Give b(4).
44
Let s(i) = i**2 + 15*i + 33. Determine s(-12).
-3
Let w(y) = -y**3 - 8*y**2 + 9*y + 132. Calculate w(-5).
12
Let i(f) = -7*f**2 + 5. Determine i(-2).
-23
Let x(t) = -t**3 - 5*t**2 + 2*t + 1. Give x(-5).
-9
Let z(j) = -2*j - 59. What is z(-30)?
1
Let u(j) = j**3 - 39*j**2 - 41*j + 50. Determine u(40).
10
Let l(w) = w**3 + w**2 - 3*w + 3. Calculate l(-3).
-6
Let g(n) = n**3 - 2*n**2 - 2*n - 19. Give g(4).
5
Let o(k) = k**3 + 4*k**2 + 3*k - 15. Calculate o(-5).
-55
Let q(k) = -4*k**3 + 5*k**2 - 3*k - 4. Give q(3).
-76
Let h(z) = z**2 - 9*z - 46. Determine h(15).
44
Let i(q) = -q**3 - 7*q**2 + 13*q - 27. Calculate i(-9).
18
Let a(k) = k**2 - 9*k + 14. Give a(6).
-4
Let u(b) = 3*b + 7. Give u(8).
31
Let k(d) = -10*d**2 + 3*d - 2. Determine k(1).
-9
Let x(q) = -10*q - 12. Determine x(0).
-12
Let y(w) = 8*w - 19. What is y(3)?
5
Let s(t) = -3*t + 2. Determine s(-3).
11
Let v(u) = u**2 + 31*u + 222. Give v(-18).
-12
Let l(n) = 2*n - 61. Give l(32).
3
Let f(q) = 2*q**2 + 15*q - 1. What is f(-7)?
-8
Let g(m) = -m**2 + 6*m - 38. Determine g(4).
-30
Let p(d) = -d**2 + 15*d - 52. Determine p(6).
2
Let b(f) = 17*f + 621. Determine b(-36).
9
Let s(v) = 10*v - 4. Determine s(3).
26
Let r(b) = b**3 - 25*b**2 + 7*b - 178. What is r(25)?
-3
Let p(g) = g**3 - 7*g**2 - 7*g - 9. Determine p(6).
-87
Let w(b) = -14*b**2 + 45*b - 43. Give w(1).
-12
Let o(z) = 2*z**3 + 19*z**2 + 4*z - 49. Determine o(-9).
-4
Let z(j) = j**3 + 13*j**2 - j - 9. Give z(-13).
4
Let i(q) = -3*q + 13. Calculate i(-9).
40
Let u(x) = x**3 - 2*x**2 + 6*x - 5. What is u(0)?
-5
Let h(u) = 10*u**3 + u**2 - u - 1. Determine h(-1).
-9
Let w(t) = -2*t**2 + 19*t - 44. Determine w(4).
0
Let c(d) = -17*d - 1. Calculate c(1).
-18
Let z(c) = 6*c - 46. What is z(9)?
8
Let o(x) = -x**2 - 2*x + 8. What is o(-4)?
0
Let s(m) = 2*m - 1. Determine s(1).
1
Let z(c) = -8*c + 38. Determine z(3).
14
Let j(n) = -5*n - 22. What is j(-6)?
8
Let y(w) = -2*w**3 + 14*w**2 + 18*w - 8. Determine y(8).
8
Let b(k) = 4*k**2 - 7*k - 10. What is b(4)?
26
Let j(v) = -v**3 + 6*v**2 + 5*v - 4. Determine j(6).
26
Let j(u) = u**3 + 11*u**2 + 10*u - 8. What is j(-10)?
-8
Let g(s) = 22*s - 11. Give g(3).
55
Let v(w) = w**3 - 6*w**2 + 12. What is v(6)?
12
Let c(w) = -5*w**2 - 3*w + 3. Determine c(3).
-51
Let u(m) = -47*m + 14. Calculate u(-2).
108
Let p(v) = v**3 + 4*v**2 - 2*v - 1. Calculate p(-2).
11
Let t(l) = -l**2 - 8*l + 33. What is t(0)?
33
Let m(f) = 18*f + 45. Give m(-3).
-9
Let r(s) = s**3 - 9*s**2 + 8*s + 7. What is r(8)?
7
Let p(g) = 4*g - 1. Determine p(3).
11
Let q(r) = r**3 + 13*r**2 + 14*r + 17. Give q(-12).
-7
Let v(r) = -13*r + 1. What is v(0)?
1
Let q(h) = -9*h**2 + 125*h + 11. Give q(14).
-3
Let l(v) = -2*v - 27. Give l(-13).
-1
Let n(o) = -o**3 + 5*o + 4. Calculate n(-2).
2
Let g(t) = t**2 + 20*t + 32. Calculate g(-7).
-59
Let h(w) = -101*w - 512. What is h(-5)?
-7
Let n(a) = a**2 + 2*a - 5. Calculate n(0).
-5
Let r(i) = -i**3 + 2*i - 2. What is r(2)?
-6
Let f(m) = -2*m + 27. Determine f(9).
9
Let j(f) = 7*f - 163. Calculate j(21).
-16
Let c(t) = t**2 + 5*t + 2. Give c(-3).
-4
Let z(j) = -j**3 - 8*j**2 + 8*j - 7. Give z(-8).
-71
Let s(l) = -2*l**2 - 11*l + 1. Determine s(-11).
-120
Let r(o) = -o**3 + 9*o**2 - 7. Calculate r(9).
-7
Let f(u) = 14*u. What is f(1)?
14
Let c(a) = a**3 - 5*a**2 - 8*a - 41. Calculate c(7).
1
Let f(j) = -j**3 - 11*j**2 + 5*j + 4. Give f(-12).
88
Let z(h) = 3*h + 3. Give z(5).
18
Let z(u) = 2*u + 10. Give z(-7).
-4
Let u(d) = d**2 + 9*d - 15. What is u(-11)?
7
Let d(c) = -2*c**2 - 7*c + 9. What is d(4)?
-51
Let c(v) = -v**2 + 3*v + 27. What is c(6)?
9
Let c(k) = 13*k + 5. Determine c(4).
57
Let x(q) = -8*q - 54. What is x(-6)?
-6
Let c(y) = -y**2 - 8*y + 62. Calculate c(-12).
14
Let q(s) = -4*s - 24. What is q(-7)?
4
Let b(d) = -d - 27. Give b(-13).
-14
Let w(b) = b**3 - 2*b**2 - b + 1. Calculate w(-2).
-13
Let s(p) = -11*p**2 - 1. Calculate s(-1).
-12
Let u(c) = 7*c + 34. Give u(-4).
6
Let i(y) = -y**2 - 21*y - 44. Determine i(-13).
60
Let s(n) = -n + 4. Calculate s(-7).
11
Let j(q) = 107*q + 110. What is j(-1)?
3
Let f(b) = -9*b - 10. Determine f(-4).
26
Let o(b) = -b**3 + 5*b**2 + 15*b - 